p. Suppose -2*f + 5*h = -75, -f + 3*h = j*h. What are the prime factors of f?
5
Let n(k) be the third derivative of k**5/12 + 23*k**4/8 + 37*k**3/6 + k**2 + 80*k. List the prime factors of n(-17).
3, 103
Suppose 0*a + 38535 = 7*a + 8*a. What are the prime factors of a?
7, 367
Let y(g) = g**3 - 10*g**2 + g - 2. Let t be y(10). Suppose -5*k = -2*s + 42 + t, -5*k + 3*s = 55. What are the prime factors of (2/k)/((-1)/76)?
19
Let n = 164 - 56. Suppose w - n = -3*w. What are the prime factors of ((-88)/6)/((-3)/(w/6))?
2, 11
Let w be 8/(-4)*2*(-1)/(-2). Let u be (-9)/w + (0 - (-3)/(-6)). Suppose -u*g = -y - 400, -g + 2*g = -4*y + 117. List the prime factors of g.
101
Let m = 114 - 103. Suppose -18 = m*h - 7. List the prime factors of (-60)/(-15) + (h - -1).
2
Suppose 0 = -d + 11 - 6. Suppose 773 = d*u - 612. List the prime factors of u.
277
Let d(c) = -2*c**3 + 47*c**2 + 36*c - 207. Let o be d(24). Let p(x) = -x - 1. Let r be p(-1). Let v = o + r. List the prime factors of v.
3
Let m = -44 - -42. Let f(t) = -7*t**3 - 2*t**2 - 6*t - 11. Let l(s) = -5*s**3 - s**2 - 4*s - 7. Let j(o) = -5*f(o) + 8*l(o). What are the prime factors of j(m)?
3, 17
Suppose -5*p - 2 - 125 = -4*q, -2*q = 5*p - 41. Suppose 2 + 0 = a, 0 = -3*j - 5*a + q. Suppose j*o = 79 - 13. List the prime factors of o.
11
Let x be (-2 + 29)/((-2)/(-4)). Suppose -3*c + 215 = -8*c. Let n = x + c. List the prime factors of n.
11
Suppose -2*v - 41 = 57. Let p be (-84)/v + (-2)/(-7). What are the prime factors of 16*(12/(-72))/(p/(-12))?
2
Let u = -9248 + 18092. List the prime factors of u.
2, 3, 11, 67
Let r(y) = -8*y**3 - 134*y**2 - 57*y + 131. Let z(x) = 2*x**3 + 33*x**2 + 14*x - 33. Let t(o) = 2*r(o) + 9*z(o). List the prime factors of t(-13).
2, 79
Suppose -2*m + 111405 = 23*m - 4*m. List the prime factors of m.
5, 1061
Let r be (12 - 11)/(2/(-30)*-3). Suppose -1096 = -r*l + 119. What are the prime factors of l?
3
Let a(r) = r**3 + 22*r**2 + 69*r + 835. What are the prime factors of a(-10)?
5, 269
Let p(u) = 248*u**3 - 5*u + 4. What are the prime factors of p(4)?
2, 991
Suppose -27 = -2*h + 5*z, 4*h - z = -4*z - 11. Let v(t) = 243*t - 19. List the prime factors of v(h).
2, 7
Let o = -265 + 264. What are the prime factors of (1606/4*8/(-4))/o?
11, 73
Suppose 5*c - 46 = -0*c + 4*x, 2*c = x + 16. Suppose -c*w + 2*w + 2*r = -2410, w - 604 = 2*r. List the prime factors of w.
2, 7, 43
Let x(z) be the first derivative of -z**3/3 + 4*z**2 + z - 15. Let a be x(6). Let c = 29 + a. What are the prime factors of c?
2, 3, 7
Let z(t) = 2*t**3 + 24*t**2 - 15*t + 130. What are the prime factors of z(12)?
2, 47, 73
Let f = 2577 - 1773. What are the prime factors of f?
2, 3, 67
Let p(a) = 3*a**2 + 152*a + 6863. List the prime factors of p(-35).
2, 2609
Let d(a) = -20*a**3 + 3*a**2 - a + 6. Let r be d(-3). What are the prime factors of (-2)/(-5) - (r/(-10) + 12)?
2, 23
Suppose -4*t + 5*i - 11 = -2*t, 2*i - 6 = 0. Suppose -t*j - 9 = -729. List the prime factors of j.
2, 3, 5
Suppose 0 = -y - 4*c, -4*c + 35 = 2*y - 3*c. Suppose -2*u = -y*u + 13626. List the prime factors of u.
757
Let y(m) = 37 + 7*m - 70 + 41. Let t be y(17). Suppose 0 = 2*c - t - 21. What are the prime factors of c?
2, 37
List the prime factors of (9081/6)/(170/(-44) + 4) + 3.
2, 7, 13, 61
Let f(u) = -115*u + 32. Let c be f(-5). Suppose 4*t + 3*z - c = 0, 0*t - 5*t = z - 745. What are the prime factors of t?
2, 37
Let i(r) = 29*r**3 - r + 2. Let w be i(1). Let x = -26 + w. List the prime factors of 2/x*(-14)/(-7) - -58.
59
Let y(j) = -1203*j**3 + 16*j**2 + 41*j + 6. What are the prime factors of y(-2)?
2, 3, 89
Let t = 18813 - 9844. List the prime factors of t.
8969
Let x(i) = -4909*i + 844. What are the prime factors of x(-5)?
3, 7, 13, 31
What are the prime factors of 16 - (-16 + -4297) - 11?
2, 17, 127
Let j(v) = -v**2 - 7*v - 4. Let a be j(-6). Suppose 18 = -a*i + 8*i. Suppose -i*f + 342 = -4*r, f + 2*r = 76 + 48. List the prime factors of f.
2, 59
Suppose 2*j - 12 = -2*c, 3*j - 8 = -j. What are the prime factors of ((-1)/1)/(-1) + 1928/c?
3, 7, 23
Suppose -5*m + 91738 = -12*y + 13*y, y = 3*m - 55038. List the prime factors of m.
7, 2621
Let k = 18 + -30. Let p = k - -4. List the prime factors of p - -7 - 144/(-2).
71
Suppose -8*o + 133 = -115. Suppose -25*w + o*w - 402 = 0. List the prime factors of w.
67
Let u = -9440 + 15683. What are the prime factors of u?
3, 2081
Let c(v) = -17*v**3 + v**2 + 3*v - 4. Let j(y) = -y**3 - y. Let x(u) = -c(u) + j(u). List the prime factors of x(3).
5, 83
Let f(b) = 5*b - 123. Let p be f(-14). Let r = p - -277. What are the prime factors of r?
2, 3, 7
Let h(v) = v**2 + 2*v + 111. Suppose 0 = 2*p + 3*a + 3, 3*a + 0 = 3. Let d(j) = 2*j + 6. Let s be d(p). What are the prime factors of h(s)?
3, 37
Let k(s) = s. Let n(f) = 3*f - 17. Let t(h) = 4*k(h) - n(h). Let v be t(-11). Suppose 0 = v*w - 112 - 320. What are the prime factors of w?
2, 3
Let b = -3731 - -3846. What are the prime factors of b?
5, 23
Let w(g) = g**2 - 16*g + 11. Let j be w(16). Let c(l) = l**3 - 11*l**2 + l - 14. Let q be c(j). What are the prime factors of (-2)/(-6) + (-230)/q?
7, 11
List the prime factors of 9 + 7/((-7)/(-7424)).
7433
Let i(y) = -10*y - 5. Let j be i(-5). Let u be (-4)/12*(-246 + 0). Let b = u - j. List the prime factors of b.
37
Let n be 3892/(-280)*(-11 - -1). Suppose u - 3 = -g, 4*u + 4*g = 8*u - 4. Suppose -4*l + n = r - u, 2*l + 546 = 4*r. List the prime factors of r.
137
Suppose 37*l + 481491 = 75*l - 21*l. What are the prime factors of l?
3, 1049
Let a = 436 + -431. What are the prime factors of (-4 + a)/(15/10410)?
2, 347
Let q(f) = -f**3 + 9*f**2 - f + 9. Let t be q(9). Suppose -13*p + 10*p + 9 = t. Suppose -p*i = -4*i + 155. List the prime factors of i.
5, 31
Let c(a) be the second derivative of -a**5/20 + 11*a**4/6 - 13*a**3/6 - 43*a**2/2 + 9*a + 9. List the prime factors of c(21).
5
Suppose -32*r + 10124 = -12*r - 104836. What are the prime factors of r?
2, 3, 479
List the prime factors of (-41182)/(-8) - 77/(-308).
2, 3, 11, 13
Suppose -73*o + 517616 = 114*o. What are the prime factors of o?
2, 173
List the prime factors of 10*-14987*10/(-140).
5, 2141
Suppose 46 = -4*r - 62. Let k = -24 - r. What are the prime factors of (0 + 2)*1/(k/213)?
2, 71
Let o = -4583 - -10294. What are the prime factors of o?
5711
Suppose -75*d + 15*d = -33*d - 338715. What are the prime factors of d?
5, 13, 193
Let u(w) be the second derivative of 0 - 3/10*w**5 - 1/3*w**3 - 1/2*w**2 - 2*w + 0*w**4. List the prime factors of u(-2).
3, 17
Let n = 27 - 20. Suppose 5*f - n*f + 8 = 0. What are the prime factors of (-3 + 0 + f)/(2/90)?
3, 5
Let j = 15 + -13. Let o be 0 - -5 - 9/9. Suppose 0 = j*c + o*h - 36, -2*c = c + 3*h - 54. List the prime factors of c.
2, 3
Let y(h) = -2*h**2 - 15*h. Let i(d) = d**2 + 7*d. Suppose -40 = -c - 35. Let w(q) = c*i(q) + 3*y(q). What are the prime factors of w(-8)?
2
Let q = 103339 + -30644. List the prime factors of q.
5, 7, 31, 67
Let d = 77 + -53. List the prime factors of 730 - (8 + d/(-6)).
2, 3, 11
Let l(m) = 6*m - 84. Let g be l(9). What are the prime factors of 216163/465 - 4/g?
3, 5, 31
Let n(m) = 52*m - 1. Let u = -96 + 104. What are the prime factors of n(u)?
5, 83
Suppose 3*n - h - 9 = -0, 6 = -3*n - 4*h. Let r be 3/n + (-35)/(-10) + -4. Let i(z) = 128*z**2 + 3*z - 2. List the prime factors of i(r).
3, 43
Let w(d) = -14*d**2 + 78*d - 17. Let r be w(14). What are the prime factors of r/(-6) + (2 - 130/60)?
2, 139
Let a = -18 - -27. Let h = a - -52. Let k = h - 55. List the prime factors of k.
2, 3
Suppose 24*k - 26*k = -5*j + 50318, 4*j = 4*k + 40264. What are the prime factors of j?
2, 3, 13, 43
Let i = 26 - 45. Let w(m) = 20*m**2 + 6 + m**2 - 20*m**2 - m + 17 + 20*m. List the prime factors of w(i).
23
Let l(s) = -s**2 - 6*s + 4. Let p be l(-8). Let u = 15 + p. Suppose 5*c + 5*o = 495, 2*c - u*c - 5*o = -87. What are the prime factors of c?
2, 3, 17
Suppose 0 = d + 5*g - 3988, d + 8*g - 4*g - 3987 = 0. List the prime factors of d.
7, 569
Let a(t) = 399*t - 313. List the prime factors of a(18).
6869
Let q(a) = 3*a**2. Suppose 5*t - 19 = 41. Let z be ((-17)/51)/(2/t). List the prime factors of q(z).
2, 3
Let p = -43722 + 73359. What are the prime factors of p?
3, 37, 89
Let m = -463 + 456. 